4*g - 45 + i. Suppose -17*q + 92 + 282 = 0. Calculate the greatest common divisor of q and g.
11
Let m = 6 + 24. Let t be (-14937)/30 - 7/70. Let a = 708 + t. What is the greatest common factor of a and m?
30
Let j be -1 - (-21)/(-21)*712*-7. What is the greatest common divisor of j and 33?
33
Let o be 11/(968/272792) - (-3)/33. What is the highest common factor of o and 700?
100
Suppose -7 = -2*s + u, 0 = 22*s - 18*s - 3*u - 9. Calculate the highest common factor of s and 22.
2
Suppose -2*p + c + 68280 = 0, -31118 + 133556 = 3*p + 3*c. Calculate the greatest common divisor of p and 86.
86
Let q(z) = z**2 + 3*z. Let g be q(-4). Suppose -h = -g*h + 135. Let y be (3 - ((-4)/(-1))/4) + 3. What is the highest common divisor of h and y?
5
Let a = -315 - -333. Let g be (27/6)/(1 - 15/a). Suppose -3*v - 506 = -5*o + 154, 0 = -3*o + 4*v + 385. What is the highest common factor of g and o?
27
Suppose 64 - 46 = 2*q. Suppose -v + q = -48. Suppose -3*n + v = -4*g + 165, 4*g - n = 100. What is the greatest common factor of 96 and g?
24
Let h(j) = -j**3 - 20*j**2 - 32*j + 14. Let y be h(-7). Let i = y - -612. Suppose -128 = 5*f - i. What is the greatest common factor of f and 153?
17
Let h = 17892 + -8532. Calculate the greatest common divisor of 104 and h.
104
Let d(f) = 1673*f - 3350. Let w be d(5). What is the greatest common divisor of w and 340?
85
Suppose 230824 = 75*r + 38224. Calculate the greatest common factor of 40 and r.
8
Let u be 16/4 + 5368 + 1. What is the highest common factor of 27 and u?
27
Let f be ((-4)/3)/(4/(-366)). Suppose 3*c - 4 = f. Suppose 60*h - 924 = 27*h. Calculate the highest common divisor of h and c.
14
Let m(v) = 5*v - 280. Let c be m(0). Let x be c/36 - 6/27. Let i be (-102)/x - (-5)/20. Calculate the greatest common factor of 13 and i.
13
Suppose -2*k - 39 = u - 311, -3*u = -3*k - 807. What is the greatest common factor of 130 and u?
10
Suppose -4*f = 5*f - 153. Let o = f - 17. Let r = o - -11. What is the highest common factor of r and 110?
11
Let k = -787 + 801. Suppose 7*n = k + 56. Calculate the highest common factor of 135 and n.
5
Let u = -29 - -197. Let q = 180 - u. What is the greatest common factor of 12 and q?
12
Let x = 809 + -874. Let s = 358 - x. Calculate the highest common divisor of s and 94.
47
Suppose 77*x = 82*x - 2565. Let s be (-3 - 14/(-3))/(9/x). What is the greatest common divisor of 5 and s?
5
Let t = -1204 - -1449. Let j be 6/(-15) + 492/5. What is the highest common factor of j and t?
49
Suppose 224 = 5*t + 6*g, -2*t + 116 = t - g. What is the highest common divisor of 792 and t?
8
Let f = 5667 + -4406. Calculate the greatest common divisor of f and 291.
97
Let b(z) = 6*z + 1. Let n be b(2). Let i(p) = -2*p**3 - 49*p**2 - 150*p - 347. Let m be i(-22). What is the greatest common factor of n and m?
13
Let r(j) = j**2 - 2*j - 8. Let m be r(-6). Let k = 28 - m. Let o be (-18*k/20)/((-2)/(-10)). Calculate the highest common factor of 6 and o.
6
Let k be (-8)/(-3)*(-120)/(-32). Let w be -4 - 740/(-2 + -8). What is the highest common divisor of w and k?
10
Suppose -21*o + 22*o = -396. Let l be (-47)/(-3) - 11*(-24)/o. Calculate the greatest common divisor of 735 and l.
15
Let g(h) = -h**3 - 57*h**2 - 41*h + 36. Let r be g(-57). What is the highest common factor of r and 21?
21
Let s be (-7)/3 + 1 - 988/6. Let l = 187 + s. What is the greatest common factor of 3 and l?
3
Let k be (-8)/20*1450/(-6) + 48/(-72). What is the greatest common divisor of 840 and k?
24
Suppose -5*i = -2*i + 9. Let f be (-4)/12 + (-211)/i. Let x(p) = 58*p + 300. Let n be x(-5). Calculate the highest common factor of n and f.
10
Let f(n) = 5*n**3 - 23*n**2 + 6*n - 10. Let g be f(5). Let o be (-3 - 5) + 10 - (0 - g). Calculate the greatest common factor of 108 and o.
36
Let f = 8842 + -8799. What is the greatest common divisor of 13631 and f?
43
Let x be (7 + 21/((-693)/242))/((-2)/1422). Calculate the greatest common divisor of x and 15.
3
Let q = 106 + -118. Let i(x) = x**2 + 10*x - 14. Let v be i(q). Suppose -5*u + v = -0*u. What is the highest common factor of 18 and u?
2
Suppose 4*z - 3*f - 34 = 0, 2*z = -f - 2*f + 8. Calculate the highest common divisor of z and 181.
1
Let j = -503 + 710. Suppose -3*a + j = 3*c, -2*c = -a - 0*c + 78. Let x be (a/(-4))/2*-2*1. What is the highest common factor of 45 and x?
9
Let f(q) = q - 18. Let o be (-9)/(((20/8)/5)/1). Let g be f(o). Let r be (34 + -2)/(2/(g/(-3))). What is the greatest common factor of r and 24?
24
Suppose -6*k = -3*k - 816. Let y be (6/(-4))/(1094/(-136) + (164 - 156)). Calculate the highest common divisor of k and y.
34
Suppose -91*n - 4*n + 2280 = 0. What is the greatest common factor of 4808 and n?
8
Suppose -5*z - 2 = h, 2*h - 15 + 5 = 4*z. Let u be 622 + h/(12/28). Calculate the highest common divisor of 17 and u.
17
Let m(p) = -p**3 + 25*p**2 + 34*p - 32. Let g be m(26). Let h = 202 - g. What is the highest common factor of 494 and h?
26
Let o be (-4)/(-10) + (-5)/((-175)/(-119)). Let w be (o - (-6 + 4))*-69. Let q be 8/(-10) + (-2 - w/(-5)). What is the highest common divisor of q and 1?
1
Let g be 1/1 + (-5)/(-5). Suppose g*a = a. Suppose 5*c - i - 839 = -2*i, a = 2*c + 4*i - 332. What is the highest common factor of c and 28?
28
Suppose 0 = -130*m + 127*m + 1377. Let r = -297 + m. Calculate the highest common divisor of 6 and r.
6
Let x = -167 + 187. Let p be (135/75)/((-9)/(-60)). What is the greatest common divisor of p and x?
4
Suppose -12*z + 17*z - 10 = 0. Suppose -i = 4*w - z, 0 = -3*w + 5*w + 8. Suppose 945 = i*p - 9*p. What is the highest common factor of 21 and p?
21
Suppose 4*q - 2*q + 2*p - 4454 = 0, -3*p + 2217 = q. What is the greatest common factor of q and 288?
72
Suppose -4*n - n = 0. Suppose -3*x + 5*o + 3 + 140 = n, -1 = o. Let l(m) = 78*m - 1133. Let h be l(16). What is the highest common divisor of x and h?
23
Suppose 0 = -70*l + 8*l + 1798. Let b be (28/6)/((-10)/(-435)). What is the highest common factor of l and b?
29
Let r = -125 - -501. Let d = -344 + r. Calculate the greatest common factor of 88 and d.
8
Let i = 492 - 512. Let s = i + 207. What is the greatest common divisor of s and 119?
17
Let r(q) = -2*q**2 - 19*q - 3. Let k be r(-9). Let f be (-6)/(-12) + 15/6. Suppose -k*i = -f*i - 252. What is the highest common divisor of 12 and i?
12
Suppose 53 = 5*s + 3. Let q(u) = -u**3 - 18*u**2 + 13*u + 80. Let m be q(-19). Suppose 0 = -11*l + m + 26. Calculate the greatest common factor of s and l.
10
Let r = 2799 + -2792. Let v = 7 - -4. Suppose -r*x + v = -24. What is the greatest common factor of x and 2?
1
Let c(m) = -54*m - 5. Let q be c(-5). Let a = -351848 + 351858. Calculate the highest common divisor of a and q.
5
Suppose -34 = 3*v - 106. Let a = 9129 - 9111. What is the greatest common divisor of v and a?
6
Suppose 4*n - 8*n = -3804. Let d = -583 + n. Let b be 6 - 279/45 - 462/(-10). Calculate the highest common factor of b and d.
46
Let w = 1300 + -265. What is the greatest common factor of w and 575?
115
Let y = 108 - 111. Let b be (-6)/5*(y + 395/(-10)). What is the highest common divisor of 6 and b?
3
Let u be 1 + (-10)/5 + 3. Suppose -3*t = u*s - 27, -4*t - 3*s = -2*s - 31. Suppose 0 = 3*x - 14 - 91. What is the greatest common factor of t and x?
7
Suppose 365*j + 516996 = 1854931 + 1673680. Calculate the highest common divisor of j and 185.
37
Suppose -14*q + 718 + 153 = 241. What is the highest common factor of 155 and q?
5
Suppose 0 = -85*z + 77*z - 32. Let c be 8/((-44)/(-10) + z). Calculate the greatest common divisor of c and 190.
10
Suppose 2*h - v - 1223 = 0, 0 = -4*h - 14*v + 19*v + 2443. What is the highest common factor of h and 72?
36
Let q be 18/(-3) + 9 + -1. What is the highest common divisor of 2102 and q?
2
Suppose -4*i + 2308 = 6*l, 5*i = -7*l + 10*l + 2822. What is the greatest common factor of 1207 and i?
71
Suppose -169 = -4*n - 168*p + 163*p, 0 = -3*n - 5*p + 133. Calculate the highest common factor of n and 21240.
36
Let u = -18582 - -18622. Suppose -3*j - 3*b + 198 = 0, -2*b = 4*j + 3*b - 260. Calculate the greatest common divisor of j and u.
10
Suppose -2*t + 133 = 125. Calculate the highest common factor of 146 and t.
2
Let x be (20/(-2))/(20/(-840)). Let t = 430 - x. Calculate the greatest c